 of s(g)?
True
Suppose 5*p + 5*a - 110800 = 0, 5*p - 4*a - 83908 - 26874 = 0. Is p a multiple of 21?
False
Let j = -54 + -50. Let t = -18 - j. Let w = 35 + t. Is 13 a factor of w?
False
Suppose 2*x = 2*i - 1490 + 218, 4*x = -5*i + 3216. Does 32 divide i?
True
Suppose -14*t = -11*t + 1326. Let a = -8 - t. Does 31 divide a?
True
Suppose 10*v - 5*v - m = 52, 2*v - 14 = -3*m. Let x(s) = -s**3 + 10*s**2 + 12*s + 1. Let z be x(v). Let p = -46 + z. Is p a multiple of 10?
False
Suppose -312 + 25 = -c. Suppose -4*m + m + 443 = -5*q, 5*q + c = 2*m. Is 39 a factor of m?
True
Is (-610 + 2 - 0)/(161/(-1771)) a multiple of 152?
True
Suppose -2*z = 5*n - 12, 5*z = 4*n + n - 40. Let p(h) = 4*h + 4 + 2*h**2 - h**3 - 5*h**2 - 3*h**2 + 4*h**2. Is 15 a factor of p(z)?
False
Let u be (2 + 2 + -4)*1. Suppose u = -10*j + 745 + 155. Is 15 a factor of j?
True
Let f(n) = 4 - 38*n**2 - 60*n**2 + 12 - 6*n + 117*n**2. Is 13 a factor of f(3)?
True
Let i(j) = 74*j**3 + 5*j + 4. Let n be i(-1). Let d = 167 + n. Does 25 divide d?
False
Suppose -5*f - 3*n + 40 = -17, -3*f = n - 35. Suppose -f*k = -16*k. Suppose p - 5*i - 107 = k, 0*i = -5*p - i + 431. Is p a multiple of 19?
False
Let w(i) = -i**3 - 8*i**2 + 6*i + 56. Let y be w(-8). Let x = 7 - 10. Does 25 divide x/(y - 5)*-287?
False
Suppose 20*j + 10107 = 29*j. Suppose -y = 3*t - j - 179, -2*t - 5*y = -868. Is t a multiple of 62?
True
Let j = 2 + -4. Let q(o) = 13*o**2 - 8*o - 12. Does 20 divide q(j)?
False
Let j = -91 - -50. Let v = j + 23. Is 15 a factor of 6/(-27) + 0 - 1084/v?
True
Let c be (873 + -46)*(4 - -1)/1. Suppose -4549 = -13*f + c. Is f a multiple of 18?
False
Let m(u) = -62*u**3 + 3*u**2 + 7*u - 4. Is 16 a factor of m(-2)?
False
Suppose 4*y - 74 = -5*p, -p = 18*y - 19*y - 22. Let m(o) = 2*o**2 - 34*o - 11. Is 6 a factor of m(p)?
False
Let o = 18285 + -3374. Is o a multiple of 31?
True
Suppose 0 = -4*g - 20, -q - g + 195 = -6*q. Let h = q + 37. Is 19 a factor of h/1 + 147 + 12/4?
False
Suppose 270*b = -4*j + 273*b + 8364, -j - 5*b = -2068. Is 8 a factor of j?
True
Suppose 327*z - 332*z = -3*j - 62457, 37503 = 3*z + 3*j. Is z a multiple of 12?
False
Suppose 350*a = 355*a - 15. Suppose -2 = -a*p + 2*d + 2, 0 = -4*p - 2*d + 24. Is p a multiple of 2?
True
Let s(c) = 11*c - 26. Let m be s(5). Let k = m + -26. Suppose 3*n - 266 = -3*d - 38, -4*n + k*d + 318 = 0. Is 26 a factor of n?
True
Let r = -48 - -104. Suppose -796 = -10*i - r. Suppose -5*v = -i - 121. Does 3 divide v?
True
Suppose 0 = 5*q + v + v + 488, -5*v = 20. Let j be 1 + 10/(-15)*q. Let p = j - 37. Is 3 a factor of p?
False
Suppose -613145 = 251*l - 2214274. Is 217 a factor of l?
False
Let p = 78 + -85. Is 22 a factor of (-2 - -632) + 0 + (-7)/p?
False
Let z(i) be the second derivative of i**4/12 - 4*i**3/3 + 3*i**2 - 14*i. Let f be z(6). Is (2 - -94) + 7 + f a multiple of 13?
False
Let a = -4103 - -7271. Suppose 0 = 16*l + 2*l - a. Is 4 a factor of l?
True
Suppose -26*p + 24 = -14*p. Suppose 0 = i - 3*t - 153, -31*t + 34*t + 309 = p*i. Is i a multiple of 12?
True
Is 10707 + -1 + (-14472)/804 a multiple of 16?
True
Let m(j) = j**3 + 6*j**2 - 7*j + 5. Let x be m(-7). Suppose -2*g = 3*g - x. Let a = g - -13. Is a a multiple of 14?
True
Suppose -21*o + 51 = -18*o. Suppose 14*m = o*m - 5*s + 859, -297 = m + s. Let i = -178 - m. Is i a multiple of 27?
False
Suppose -4*g = 2*q - 0*q + 740, -2*g - 370 = 2*q. Let n = 401 + g. Is n a multiple of 36?
True
Let g be 22*((-2)/3)/((-3)/9). Let j be (-8)/g + 728/11. Suppose -8*k + j = -5*k. Is 12 a factor of k?
False
Let m(g) = 2*g**2 - 9*g + 1. Let i(q) = -q**2 + 9*q - 2. Let s(x) = -3*i(x) - 2*m(x). Let k be s(-9). Suppose -k*z + 487 - 79 = 0. Is 34 a factor of z?
True
Let m = -122 + 227. Let n = m - 39. Is 66 a factor of n?
True
Suppose 4*n = -5*d + 30140, 176*d + 24123 = 180*d + n. Is d a multiple of 4?
True
Let h(f) = 2*f**3 - 29*f**2 + 20*f - 315. Is h(34) a multiple of 77?
False
Suppose -7*a + 2*a = y + 546, a - 3*y + 122 = 0. Suppose -2*j + 20 = -424. Let t = a + j. Is t a multiple of 16?
True
Let d = -102 + 91. Let n(r) = -17*r - 75. Is 15 a factor of n(d)?
False
Suppose -4*u + 15 = -2*o - 3*o, -5*u + 4*o = -21. Suppose -2*f - 169 = -7*f + m, u*f - 161 = -m. Does 2 divide f?
False
Suppose 5*q - 7*f = -3*f + 44, 4*q + 5*f - 27 = 0. Suppose q*k - 1367 = 2193. Is 47 a factor of k?
False
Let p(j) be the first derivative of 4*j**3/3 + 26*j**2 + 34*j - 128. Does 11 divide p(-17)?
False
Let g be (-4 + (-16)/(-14))*-7. Suppose -5*k = -k + g. Let p = k + 29. Is 4 a factor of p?
True
Suppose 5*i = 3*y - 4, 3*y - 6*y - i + 10 = 0. Let h(x) = 4*x**3 - x + 3*x**3 - 12*x**3 + 6*x**3 + 2*x**2 - 4. Does 6 divide h(y)?
False
Let l = -941 + 1308. Suppose 2*i - 4 = i. Suppose c = i*k + 22 + 91, l = 4*c + k. Is 8 a factor of c?
False
Suppose -7339 = -3*g + 5*b, -623 + 607 = -4*b. Does 11 divide g?
True
Suppose 5*m = -2*i + 660, 4*m + 20 = -m. Is 3 a factor of i?
False
Let q = -7 - -10. Let n(p) = 2*p**2 - 12. Let x be n(q). Is 21 a factor of 3 - (x/(-3) + -121)?
True
Let j be 1/5 + (-429)/(-55). Let v be 2576/10 + j/20. Let f = v - 152. Does 31 divide f?
False
Let c(u) = 4*u**3 + 5*u**2 - 6*u - 2. Let n = -21 - -26. Suppose q + 5*g = -n + 23, 0 = 2*g - 6. Does 13 divide c(q)?
False
Let i be (-5 + 2)*(88/(-12) + 4). Is 3 a factor of 2*-2 - (-163 + i + -8)?
False
Let g = 4310 + 1954. Is 25 a factor of g?
False
Suppose -3*n = -11*n - 14*n. Is 2 a factor of -2*(n + 42)/(-7)?
True
Let x(y) = 9162*y - 86. Is 100 a factor of x(3)?
True
Suppose -5*h + 31 = -14. Suppose 2*w = 2*p - 6, p + 2*w - 28 = -10. Suppose -p*k + h*k = 80. Does 16 divide k?
True
Let k(r) = -707*r - 2751. Is 42 a factor of k(-9)?
True
Let c be (-2 - (1 - 6))/1. Suppose 3*z + 21 = -c*p, 0 = p - 6*p - 3*z - 25. Is 562/7 + p/7 a multiple of 20?
True
Suppose -3*d - 25 = -1114. Suppose -5*v = -362 - d. Does 29 divide v?
True
Let g(i) be the first derivative of -i**4/4 + 2*i**3/3 + 9*i**2/2 - 3*i + 20. Does 10 divide g(-6)?
False
Let k be (-552)/(-16)*(640/(-12))/(-5). Let c = 539 - k. Does 19 divide c?
True
Is 25 a factor of (8/20)/((-35)/(-122325))?
False
Suppose 34*z - 470162 - 150747 = 192541. Is z a multiple of 15?
True
Let m = 135850 + -95789. Does 102 divide m?
False
Let a(z) = z**3 - 44*z**2 + 47*z - 160. Let g = 444 - 401. Is 2 a factor of a(g)?
True
Let n be ((-1)/(-3))/((-27)/(-81)). Is 25 a factor of (-2)/(-11) + n + (-2205)/(-33)?
False
Let m = 39 + -37. Suppose m*s = 5*d - 21, -3*d + 6 = -d - 2*s. Suppose -z + 4 = -d*z, 2*z + 132 = 5*p. Is 10 a factor of p?
False
Suppose 0 = 2*h + 3*h + 2*x - 18, 0 = -4*h + 3*x - 4. Suppose -a + 51 = l, -210 = -5*l + h*a + 2*a. Let f = -24 + l. Is f a multiple of 16?
False
Let v = 122 + -134. Let q(x) = 50*x + 10. Let w be q(v). Let p = -282 - w. Is 28 a factor of p?
True
Suppose h - 8634 = -0*h - 4*u, -2*u - 34482 = -4*h. Does 6 divide h?
True
Let c(n) = 19*n**3 - 2*n**2 - n - 4. Let p be c(4). Suppose -3*l - 50 = -4*i, 6*i - 29 = 3*i - 2*l. Suppose -i*h = -4*h - p. Does 42 divide h?
True
Suppose 41 + 25 = 3*o. Suppose 1 = f + o. Does 15 divide (-5013)/f + 6/21?
False
Let d = -646 + 1237. Suppose -6*o + 3*o = -d. Suppose -o = -k - 53. Is 24 a factor of k?
True
Let z be (-1 + -9)/(14/21). Let q = -41 + -40. Let h = z - q. Is h a multiple of 33?
True
Suppose 8*c = 222807 + 199309 - 113692. Is 150 a factor of c?
False
Let s(o) = -3*o - 11. Let x be s(-15). Suppose 4*b + a - 52 = 0, -b - 2*a - 14 = -x. Does 3 divide b?
True
Suppose 2*m - 3*j + 83 = -55, 0 = m - 3*j + 75. Let x = m - -141. Is x a multiple of 13?
True
Let t = -452 - -640. Suppose -38 = 5*l - t. Does 42 divide 1009/5 - ((-96)/l + 3)?
False
Let b(g) = -3*g**3 + 2*g**2 - 11*g - 11. Let z be b(-3). Is z/4 - (-4)/(-16) a multiple of 15?
True
Let l be (-725 + 1)*(-15)/(-20). Let y = -417 - l. Is y a multiple of 7?
True
Suppose -278*v - 273*v + 4832 = -549*v. Does 10 divide v?
False
Let q be (8 + -6)*(5 - 3). Suppose -8*b = -2*x - 13*b + 27, -q*x + 2*b + 18 = 0. Does 13 divide 12/18 - (-182)/x?
False
Let j = 13925 - 12686. Is j a multiple of 3?
True
Suppose -s - 279 = -2*s. Suppose -3*p + 5*y + s = -p, -2*y - 6 = 0. Suppose -p = -g - 3*h + 29, -2*h = g - 161. Does 28 divide g?
False
Let m be (38 + -8)/5 - -10159. Suppose 0 = 10*w - 365 - m. Does 27 divide w?
True
Let 